{"id":2336,"date":"2020-07-20T15:53:03","date_gmt":"2020-07-20T15:53:03","guid":{"rendered":"http:\/\/sherwood.k12.or.us\/?page_id=2336"},"modified":"2023-02-08T11:10:46","modified_gmt":"2023-02-08T19:10:46","slug":"translation-services","status":"publish","type":"page","link":"https:\/\/sherwood.k12.or.us\/resources\/translation-services\/","title":{"rendered":"Translation Services"},"content":{"rendered":"\n<p>If you need translation services please contact 503-825-5480<\/p>\n\n\n\n<p>\u0625\u0630\u0627 \u0643\u0646\u062a\u0645 \u0628\u062d\u0627\u062c\u0629 \u0625\u0644\u0649 \u062e\u062f\u0645\u0627\u062a \u0627\u0644\u062a\u0631\u062c\u0645\u0629 \u0644\u0644\u063a\u0629 \u0627\u0644\u0639\u0631\u0628\u064a\u0629 \u060c \u0641\u0627\u0644\u0631\u062c\u0627\u0621 \u062a\u0631\u0643 \u0628\u0631\u064a\u062f \u0635\u0648\u062a\u064a \u0639\u0644\u0649 \u0627\u0644\u0631\u0642\u0645 5085-825-503 \u0648\u0633\u0646\u0639\u0627\u0648\u062f \u0627\u0644\u0627\u062a\u0635\u0627\u0644 \u0628\u0643 \u0644\u0627\u062d\u0642\u0627\u064b.<\/p>\n\n\n\n<p>\u5982\u679c\u60a8\u9700\u8981\u4e2d\u6587\u7ffb\u8bd1\u670d\u52a1\uff0c\u8bf7\u7559\u8a00\u5230503-825-5085\uff0c\u6211\u4eec\u5c06\u56de\u590d\u60a8\u7684\u7535\u8bdd\u3002<\/p>\n\n\n\n<p>Kung kailangan ninyo ng tagapagsalin sa wikang Filipino, magiwan lang po kayo ng mensahe sa 503-825-5085 at sasagutin namin ang inyong tawag.<\/p>\n\n\n\n<p>\ub9cc\uc57d\uc5d0 \ud55c\uad6d\uc5b4 \ud1b5\uc5ed \uc11c\ube44\uc2a4\uac00 \ud544\uc694\ud558\uc2dc\ub2e4\uba74, 503-825-5085\ub85c \uc804\ud654\ud558\uc154\uc11c \uba54\uc138\uc9c0\ub97c \ub0a8\uaca8 \uc8fc\uc2dc\uba74 \uc800\ud76c\uac00 \uc804\ud654\ub97c \ub4dc\ub9ac\uaca0\uc2b5\ub2c8\ub2e4.<\/p>\n\n\n\n<p>\u0627\u06af\u0631 \u0628\u0647 \u0645\u062a\u0631\u062c\u0645 \u0641\u0627\u0631\u0633\u06cc \u0646\u06cc\u0627\u0632 \u062f\u0627\u0631\u06cc\u062f\u060c \u0644\u0637\u0641\u0627 \u0628\u0627 \u0634\u0645\u0627\u0631\u0647 503-825-5085 \u0628\u0627 \u0645\u0627 \u062a\u0645\u0627\u0633 \u0628\u06af\u06cc\u0631\u06cc\u062f\u060c \u067e\u06cc\u0627\u0645 \u0628\u06af\u0630\u0627\u0631\u06cc\u062f \u0648 \u0645\u0627 \u0628\u0627 \u0634\u0645\u0627 \u062a\u0645\u0627\u0633 \u062e\u0648\u0627\u0647\u06cc\u0645 \u06af\u0631\u0641\u062a.<\/p>\n\n\n\n<p>\u0415\u0441\u043b\u0438 \u0432\u0430\u043c \u043d\u0443\u0436\u043d\u044b \u0443\u0441\u043b\u0443\u0433\u0438 \u043f\u043e \u043f\u0435\u0440\u0435\u0432\u043e\u0434\u0443 \u043d\u0430 \u0440\u0443\u0441\u0441\u043a\u0438\u0439 \u044f\u0437\u044b\u043a, \u043e\u0441\u0442\u0430\u0432\u044c\u0442\u0435 \u0433\u043e\u043b\u043e\u0441\u043e\u0432\u043e\u0435 \u0441\u043e\u043e\u0431\u0449\u0435\u043d\u0438\u0435 \u043f\u043e \u043d\u043e\u043c\u0435\u0440\u0443 \u0442\u0435\u043b\u0435\u0444\u043e\u043d\u0430 503-825-5085, \u0438 \u043c\u044b \u0432\u0430\u043c \u043f\u0435\u0440\u0435\u0437\u0432\u043e\u043d\u0438\u043c.<\/p>\n\n\n\n<p>Si usted necesita servicios de interpretaci\u00f3n en Espa\u00f1ol, por favor deje un mensaje de voz al 503-825-5085 y le regresaremos la llamada.<\/p>\n\n\n\n<p>N\u1ebfu qu\u00fd v\u1ecb c\u1ea7n d\u1ecbch v\u1ee5 th\u00f4ng d\u1ecbch cho ng\u01b0\u1eddi Vi\u1ec7t, xin vui l\u00f2ng \u0111\u1ec3 l\u1ea1i th\u01b0 tho\u1ea1i t\u1ea1i s\u1ed1 503-825-5085 v\u00e0 ch\u00fang t\u00f4i s\u1ebd g\u1ecdi l\u1ea1i cho qu\u00fd v\u1ecb.<\/p>\n","protected":false},"excerpt":{"rendered":"<p>If you need translation services please contact 503-825-5480 \u0625\u0630\u0627 \u0643\u0646\u062a\u0645 \u0628\u062d\u0627\u062c\u0629 \u0625\u0644\u0649 \u062e\u062f\u0645\u0627\u062a \u0627\u0644\u062a\u0631\u062c\u0645\u0629 \u0644\u0644\u063a\u0629 \u0627\u0644\u0639\u0631\u0628\u064a\u0629 \u060c \u0641\u0627\u0644\u0631\u062c\u0627\u0621 \u062a\u0631\u0643 \u0628\u0631\u064a\u062f \u0635\u0648\u062a\u064a \u0639\u0644\u0649 \u0627\u0644\u0631\u0642\u0645 5085-825-503 \u0648\u0633\u0646\u0639\u0627\u0648\u062f&#8230;<\/p>\n","protected":false},"author":9,"featured_media":0,"parent":930,"menu_order":90,"comment_status":"closed","ping_status":"closed","template":"","meta":[],"acf":[],"yoast_head":"<!-- This site is optimized with the Yoast SEO plugin v19.14 - https:\/\/yoast.com\/wordpress\/plugins\/seo\/ -->\n<title>Translation Services - Sherwood School District<\/title>\n<meta name=\"robots\" content=\"index, follow, max-snippet:-1, max-image-preview:large, max-video-preview:-1\" \/>\n<link rel=\"canonical\" href=\"https:\/\/sherwood.k12.or.us\/resources\/translation-services\/\" \/>\n<meta property=\"og:locale\" content=\"en_US\" \/>\n<meta property=\"og:type\" content=\"article\" \/>\n<meta property=\"og:title\" content=\"Translation Services - Sherwood School District\" \/>\n<meta property=\"og:description\" content=\"If you need translation services please contact 503-825-5480 \u0625\u0630\u0627 \u0643\u0646\u062a\u0645 \u0628\u062d\u0627\u062c\u0629 \u0625\u0644\u0649 \u062e\u062f\u0645\u0627\u062a \u0627\u0644\u062a\u0631\u062c\u0645\u0629 \u0644\u0644\u063a\u0629 \u0627\u0644\u0639\u0631\u0628\u064a\u0629 \u060c \u0641\u0627\u0644\u0631\u062c\u0627\u0621 \u062a\u0631\u0643 \u0628\u0631\u064a\u062f \u0635\u0648\u062a\u064a \u0639\u0644\u0649 \u0627\u0644\u0631\u0642\u0645 5085-825-503 \u0648\u0633\u0646\u0639\u0627\u0648\u062f...\" \/>\n<meta property=\"og:url\" content=\"https:\/\/sherwood.k12.or.us\/resources\/translation-services\/\" \/>\n<meta property=\"og:site_name\" content=\"Sherwood School District\" \/>\n<meta property=\"article:publisher\" content=\"https:\/\/www.facebook.com\/sherwoodschooldistrict88J\/\" \/>\n<meta property=\"article:modified_time\" content=\"2023-02-08T19:10:46+00:00\" \/>\n<meta name=\"twitter:card\" content=\"summary_large_image\" \/>\n<meta name=\"twitter:site\" content=\"@sherwoodsd\" \/>\n<meta name=\"twitter:label1\" content=\"Est. reading time\" \/>\n\t<meta name=\"twitter:data1\" content=\"1 minute\" \/>\n<script type=\"application\/ld+json\" class=\"yoast-schema-graph\">{\"@context\":\"https:\/\/schema.org\",\"@graph\":[{\"@type\":\"WebPage\",\"@id\":\"https:\/\/sherwood.k12.or.us\/resources\/translation-services\/\",\"url\":\"https:\/\/sherwood.k12.or.us\/resources\/translation-services\/\",\"name\":\"Translation Services - Sherwood School District\",\"isPartOf\":{\"@id\":\"https:\/\/sherwood.k12.or.us\/#website\"},\"datePublished\":\"2020-07-20T15:53:03+00:00\",\"dateModified\":\"2023-02-08T19:10:46+00:00\",\"breadcrumb\":{\"@id\":\"https:\/\/sherwood.k12.or.us\/resources\/translation-services\/#breadcrumb\"},\"inLanguage\":\"en-US\",\"potentialAction\":[{\"@type\":\"ReadAction\",\"target\":[\"https:\/\/sherwood.k12.or.us\/resources\/translation-services\/\"]}]},{\"@type\":\"BreadcrumbList\",\"@id\":\"https:\/\/sherwood.k12.or.us\/resources\/translation-services\/#breadcrumb\",\"itemListElement\":[{\"@type\":\"ListItem\",\"position\":1,\"name\":\"Home\",\"item\":\"https:\/\/sherwood.k12.or.us\/\"},{\"@type\":\"ListItem\",\"position\":2,\"name\":\"Resources\",\"item\":\"https:\/\/sherwood.k12.or.us\/resources\/\"},{\"@type\":\"ListItem\",\"position\":3,\"name\":\"Translation Services\"}]},{\"@type\":\"WebSite\",\"@id\":\"https:\/\/sherwood.k12.or.us\/#website\",\"url\":\"https:\/\/sherwood.k12.or.us\/\",\"name\":\"Sherwood School District\",\"description\":\"\",\"publisher\":{\"@id\":\"https:\/\/sherwood.k12.or.us\/#organization\"},\"potentialAction\":[{\"@type\":\"SearchAction\",\"target\":{\"@type\":\"EntryPoint\",\"urlTemplate\":\"https:\/\/sherwood.k12.or.us\/?s={search_term_string}\"},\"query-input\":\"required name=search_term_string\"}],\"inLanguage\":\"en-US\"},{\"@type\":\"Organization\",\"@id\":\"https:\/\/sherwood.k12.or.us\/#organization\",\"name\":\"Sherwood School District\",\"url\":\"https:\/\/sherwood.k12.or.us\/\",\"logo\":{\"@type\":\"ImageObject\",\"inLanguage\":\"en-US\",\"@id\":\"https:\/\/sherwood.k12.or.us\/#\/schema\/logo\/image\/\",\"url\":\"https:\/\/sherwood.k12.or.us\/app\/uploads\/2020\/05\/sherwood-district-full-logo.svg\",\"contentUrl\":\"https:\/\/sherwood.k12.or.us\/app\/uploads\/2020\/05\/sherwood-district-full-logo.svg\",\"width\":286,\"height\":69,\"caption\":\"Sherwood School District\"},\"image\":{\"@id\":\"https:\/\/sherwood.k12.or.us\/#\/schema\/logo\/image\/\"},\"sameAs\":[\"https:\/\/www.facebook.com\/sherwoodschooldistrict88J\/\",\"https:\/\/twitter.com\/sherwoodsd\"]}]}<\/script>\n<!-- \/ Yoast SEO plugin. -->","yoast_head_json":{"title":"Translation Services - Sherwood School District","robots":{"index":"index","follow":"follow","max-snippet":"max-snippet:-1","max-image-preview":"max-image-preview:large","max-video-preview":"max-video-preview:-1"},"canonical":"https:\/\/sherwood.k12.or.us\/resources\/translation-services\/","og_locale":"en_US","og_type":"article","og_title":"Translation Services - Sherwood School District","og_description":"If you need translation services please contact 503-825-5480 \u0625\u0630\u0627 \u0643\u0646\u062a\u0645 \u0628\u062d\u0627\u062c\u0629 \u0625\u0644\u0649 \u062e\u062f\u0645\u0627\u062a \u0627\u0644\u062a\u0631\u062c\u0645\u0629 \u0644\u0644\u063a\u0629 \u0627\u0644\u0639\u0631\u0628\u064a\u0629 \u060c \u0641\u0627\u0644\u0631\u062c\u0627\u0621 \u062a\u0631\u0643 \u0628\u0631\u064a\u062f \u0635\u0648\u062a\u064a \u0639\u0644\u0649 \u0627\u0644\u0631\u0642\u0645 5085-825-503 \u0648\u0633\u0646\u0639\u0627\u0648\u062f...","og_url":"https:\/\/sherwood.k12.or.us\/resources\/translation-services\/","og_site_name":"Sherwood School District","article_publisher":"https:\/\/www.facebook.com\/sherwoodschooldistrict88J\/","article_modified_time":"2023-02-08T19:10:46+00:00","twitter_card":"summary_large_image","twitter_site":"@sherwoodsd","twitter_misc":{"Est. reading time":"1 minute"},"schema":{"@context":"https:\/\/schema.org","@graph":[{"@type":"WebPage","@id":"https:\/\/sherwood.k12.or.us\/resources\/translation-services\/","url":"https:\/\/sherwood.k12.or.us\/resources\/translation-services\/","name":"Translation Services - Sherwood School District","isPartOf":{"@id":"https:\/\/sherwood.k12.or.us\/#website"},"datePublished":"2020-07-20T15:53:03+00:00","dateModified":"2023-02-08T19:10:46+00:00","breadcrumb":{"@id":"https:\/\/sherwood.k12.or.us\/resources\/translation-services\/#breadcrumb"},"inLanguage":"en-US","potentialAction":[{"@type":"ReadAction","target":["https:\/\/sherwood.k12.or.us\/resources\/translation-services\/"]}]},{"@type":"BreadcrumbList","@id":"https:\/\/sherwood.k12.or.us\/resources\/translation-services\/#breadcrumb","itemListElement":[{"@type":"ListItem","position":1,"name":"Home","item":"https:\/\/sherwood.k12.or.us\/"},{"@type":"ListItem","position":2,"name":"Resources","item":"https:\/\/sherwood.k12.or.us\/resources\/"},{"@type":"ListItem","position":3,"name":"Translation Services"}]},{"@type":"WebSite","@id":"https:\/\/sherwood.k12.or.us\/#website","url":"https:\/\/sherwood.k12.or.us\/","name":"Sherwood School District","description":"","publisher":{"@id":"https:\/\/sherwood.k12.or.us\/#organization"},"potentialAction":[{"@type":"SearchAction","target":{"@type":"EntryPoint","urlTemplate":"https:\/\/sherwood.k12.or.us\/?s={search_term_string}"},"query-input":"required name=search_term_string"}],"inLanguage":"en-US"},{"@type":"Organization","@id":"https:\/\/sherwood.k12.or.us\/#organization","name":"Sherwood School District","url":"https:\/\/sherwood.k12.or.us\/","logo":{"@type":"ImageObject","inLanguage":"en-US","@id":"https:\/\/sherwood.k12.or.us\/#\/schema\/logo\/image\/","url":"https:\/\/sherwood.k12.or.us\/app\/uploads\/2020\/05\/sherwood-district-full-logo.svg","contentUrl":"https:\/\/sherwood.k12.or.us\/app\/uploads\/2020\/05\/sherwood-district-full-logo.svg","width":286,"height":69,"caption":"Sherwood School District"},"image":{"@id":"https:\/\/sherwood.k12.or.us\/#\/schema\/logo\/image\/"},"sameAs":["https:\/\/www.facebook.com\/sherwoodschooldistrict88J\/","https:\/\/twitter.com\/sherwoodsd"]}]}},"_links":{"self":[{"href":"https:\/\/sherwood.k12.or.us\/wp-json\/wp\/v2\/pages\/2336"}],"collection":[{"href":"https:\/\/sherwood.k12.or.us\/wp-json\/wp\/v2\/pages"}],"about":[{"href":"https:\/\/sherwood.k12.or.us\/wp-json\/wp\/v2\/types\/page"}],"author":[{"embeddable":true,"href":"https:\/\/sherwood.k12.or.us\/wp-json\/wp\/v2\/users\/9"}],"replies":[{"embeddable":true,"href":"https:\/\/sherwood.k12.or.us\/wp-json\/wp\/v2\/comments?post=2336"}],"version-history":[{"count":4,"href":"https:\/\/sherwood.k12.or.us\/wp-json\/wp\/v2\/pages\/2336\/revisions"}],"predecessor-version":[{"id":7304,"href":"https:\/\/sherwood.k12.or.us\/wp-json\/wp\/v2\/pages\/2336\/revisions\/7304"}],"up":[{"embeddable":true,"href":"https:\/\/sherwood.k12.or.us\/wp-json\/wp\/v2\/pages\/930"}],"wp:attachment":[{"href":"https:\/\/sherwood.k12.or.us\/wp-json\/wp\/v2\/media?parent=2336"}],"curies":[{"name":"wp","href":"https:\/\/api.w.org\/{rel}","templated":true}]}}