{"id":1002,"date":"2020-06-22T20:28:30","date_gmt":"2020-06-22T20:28:30","guid":{"rendered":"http:\/\/sherwood.k12.or.us\/?page_id=1002"},"modified":"2022-11-18T09:52:42","modified_gmt":"2022-11-18T17:52:42","slug":"emerging-bilingual-students","status":"publish","type":"page","link":"https:\/\/sherwood.k12.or.us\/departments\/teaching-and-learning\/emerging-bilingual-students\/","title":{"rendered":"Emerging Bilingual Students"},"content":{"rendered":"\n<p>The Sherwood School District is committed to providing equal educational opportunities to every student. The English Language Development (ELD) program is designed to accelerate English acquisition for students whose first language is not English and to further assist them in becoming successful learners in the classroom.<\/p>\n\n\n\n<p><strong>Delivery Model<\/strong><\/p>\n\n\n\n<p>In the Sherwood School District, the classroom teacher has the responsibility for the primary, direct instruction of English Learner eligible students. However, while there are many opportunities during the course of the day in a language-rich classroom environment for language learning, merely being exposed or engaged in activities in English is not sufficient to assure the development of full academic language proficiency. Therefore, English Learners (ELs) in Sherwood also receive explicit instruction in language that is differentiated based on their English language proficiency level. This class will provide English language development through systemic and explicit instruction of vocabulary, grammar, and syntax.<\/p>\n\n\n\n<p><strong>Elementary Services<\/strong><\/p>\n\n\n\n<p>In the elementary schools, EL students meet daily in small groups outside of the regular education classroom. These groups are organized by the student\u2019s English Language levels. The groups work on English Language Development (ELD) in listening, speaking, reading, and writing.<\/p>\n\n\n\n<p><strong>Middle and High School Services<\/strong><\/p>\n\n\n\n<p>In our secondary schools, students are enrolled in a regularly scheduled class that meets either every or every other day for the entire duration of the class period. This class replaces one elective in the student\u2019s schedule. In this class, students work on English Language Development (ELD) in listening, speaking, reading, and writing.<\/p>\n\n\n\n<p><strong>Program Goals<\/strong><\/p>\n\n\n\n<ul><li>English Learners will become proficient in English.<br><\/li><li>English Learners will have access to the general education curriculum and be provided with an equal educational opportunity.<br><\/li><li>English Learners will make significant progress towards meeting state and district standards.<\/li><\/ul>\n\n\n\n<h2 class=\"wp-block-heading\">Spanish Translation<\/h2>\n\n\n\n<p>El distrito escolar de sherwood est\u00e1 comprometido proporcionar opportunidades educativas iguales a cada estudiante.&nbsp;&nbsp;El programa de ingl\u00e9s para los principiantes del lenguaje, conocido como EL en ingl\u00e9s,<\/p>\n\n\n\n<p>est\u00e1&nbsp;&nbsp;dise\u00f1ado para acelerar la adquisici\u00f3n de ingl\u00e9s para los estudiantes quienes primer idioma no es ingl\u00e9s y para apoyarles llegar a ser estudiantes exitosos en la clase.<\/p>\n\n\n\n<p><strong><u>Modelo de Entrega<\/u><\/strong><\/p>\n\n\n\n<p>En el distrito escolar de sherwood, el maestro de sal\u00f3n tiene la responsabilidad para la ense\u00f1anza directa y principal de los estudiantes eligibles para el programa de EL. Sin embargo, mientras hay muchas opportunidades durante el d\u00eda para el aprendizaje de idiomas en un ambiente rico con lenguaje, simplemente siendo expuesto o participando en actividades en ingl\u00e9s no es suficiente para asegurar el desarrollo y la competencia completo del lenguaje acad\u00e9mico ingl\u00e9s. Por lo tanto los estudiantes de EL en sherwood tambi\u00e9n reciben la instrucci\u00f3n expl\u00edcita en lenguaje que sea diferenciada basada en su nivel de competencia en el lenguaje ingl\u00e9s.&nbsp;&nbsp;Esta clase proporcionar\u00e1 el desarrollo de ingl\u00e9s con la instrucci\u00f3n sist\u00e9mica y expl\u00edcita del vocabulario, gram\u00e1tica y sintaxis.<\/p>\n\n\n\n<p><strong><u><span style=\"text-decoration: underline\">Servicios en las escuelas primarias<\/span><\/u><\/strong><\/p>\n\n\n\n<p>En las escuelas primarias, los estudiantes de EL se reunen diario en grupos pequenos afuera del sal\u00f3n de educaci\u00f3n regular. Estos grupos est\u00e1n organizados por el nivel en ingl\u00e9s de los estudiantes.&nbsp;&nbsp;Los grupos trabajan en el desarrollo del idioma ingl\u00e9s en las \u00e1reas de escucha, habla, lectura y escritura.<\/p>\n\n\n\n<p><strong><u>Sevicios en las escuelas secundarias y preparatoria<\/u><\/strong><\/p>\n\n\n\n<p>En nuestras escuelas secundarias, estudiantes est\u00e1n registrados en una clase regular.&nbsp;&nbsp;&nbsp;Se reuna cada d\u00eda o cada otro d\u00eda para la duraci\u00f3n entera del per\u00edodo de clase. Esta clase toma el lugar de una clase electiva en el horario del estudiante. En esta clase, estudiantes trabajan en el desarrollo del idioma ingl\u00e9s en las \u00e1reas de escucha, habla, lectura y escritura.<\/p>\n\n\n\n<p><strong><u>Metas del Programa<\/u><\/strong><\/p>\n\n\n\n<ul><li>Los estudiantes de EL llegar\u00e1n ser competentes&nbsp;&nbsp;en ingl\u00e9s.<br>\ufeff<\/li><li>Los estudiantes de EL tendr\u00e1n acceso al plan de estudios de la educaci\u00f3n general&nbsp;&nbsp;y ser\u00e1nproporcionados con una oportunidad educativa igual.<br>\ufeff<\/li><li>Los estudiantes de EL har\u00e1n progreso significado hac\u00eda est\u00e1ndares del estado y el distrito.&nbsp;&nbsp;<\/li><\/ul>\n\n\n\n<h2 class=\"wp-block-heading\">Annual Report on English Language Learners<\/h2>\n\n\n","protected":false},"excerpt":{"rendered":"<p>The Sherwood School District is committed to providing equal educational opportunities to every student. The English Language Development (ELD) program is designed to accelerate English&#8230;<\/p>\n","protected":false},"author":24,"featured_media":2176,"parent":864,"menu_order":20,"comment_status":"closed","ping_status":"closed","template":"","meta":[],"acf":[],"yoast_head":"<!-- This site is optimized with the Yoast SEO plugin v19.14 - https:\/\/yoast.com\/wordpress\/plugins\/seo\/ -->\n<title>Emerging Bilingual Students - Sherwood School District<\/title>\n<meta name=\"robots\" content=\"index, follow, max-snippet:-1, max-image-preview:large, max-video-preview:-1\" \/>\n<link rel=\"canonical\" href=\"https:\/\/sherwood.k12.or.us\/departments\/teaching-and-learning\/emerging-bilingual-students\/\" \/>\n<meta property=\"og:locale\" content=\"en_US\" \/>\n<meta property=\"og:type\" content=\"article\" \/>\n<meta property=\"og:title\" content=\"Emerging Bilingual Students - Sherwood School District\" \/>\n<meta property=\"og:description\" content=\"The Sherwood School District is committed to providing equal educational opportunities to every student. The English Language Development (ELD) program is designed to accelerate English...\" \/>\n<meta property=\"og:url\" content=\"https:\/\/sherwood.k12.or.us\/departments\/teaching-and-learning\/emerging-bilingual-students\/\" \/>\n<meta property=\"og:site_name\" content=\"Sherwood School District\" \/>\n<meta property=\"article:publisher\" content=\"https:\/\/www.facebook.com\/sherwoodschooldistrict88J\/\" \/>\n<meta property=\"article:modified_time\" content=\"2022-11-18T17:52:42+00:00\" \/>\n<meta property=\"og:image\" content=\"https:\/\/sherwood.k12.or.us\/app\/uploads\/2020\/07\/SSD-SpecialPrograms-EmergingBilingualStudents-1.jpg\" \/>\n\t<meta property=\"og:image:width\" content=\"2560\" \/>\n\t<meta property=\"og:image:height\" content=\"1707\" \/>\n\t<meta property=\"og:image:type\" content=\"image\/jpeg\" \/>\n<meta name=\"twitter:card\" content=\"summary_large_image\" \/>\n<meta name=\"twitter:site\" content=\"@sherwoodsd\" \/>\n<meta name=\"twitter:label1\" content=\"Est. reading time\" \/>\n\t<meta name=\"twitter:data1\" content=\"4 minutes\" \/>\n<script type=\"application\/ld+json\" class=\"yoast-schema-graph\">{\"@context\":\"https:\/\/schema.org\",\"@graph\":[{\"@type\":\"WebPage\",\"@id\":\"https:\/\/sherwood.k12.or.us\/departments\/teaching-and-learning\/emerging-bilingual-students\/\",\"url\":\"https:\/\/sherwood.k12.or.us\/departments\/teaching-and-learning\/emerging-bilingual-students\/\",\"name\":\"Emerging Bilingual Students - Sherwood School District\",\"isPartOf\":{\"@id\":\"https:\/\/sherwood.k12.or.us\/#website\"},\"datePublished\":\"2020-06-22T20:28:30+00:00\",\"dateModified\":\"2022-11-18T17:52:42+00:00\",\"breadcrumb\":{\"@id\":\"https:\/\/sherwood.k12.or.us\/departments\/teaching-and-learning\/emerging-bilingual-students\/#breadcrumb\"},\"inLanguage\":\"en-US\",\"potentialAction\":[{\"@type\":\"ReadAction\",\"target\":[\"https:\/\/sherwood.k12.or.us\/departments\/teaching-and-learning\/emerging-bilingual-students\/\"]}]},{\"@type\":\"BreadcrumbList\",\"@id\":\"https:\/\/sherwood.k12.or.us\/departments\/teaching-and-learning\/emerging-bilingual-students\/#breadcrumb\",\"itemListElement\":[{\"@type\":\"ListItem\",\"position\":1,\"name\":\"Home\",\"item\":\"https:\/\/sherwood.k12.or.us\/\"},{\"@type\":\"ListItem\",\"position\":2,\"name\":\"Departments\",\"item\":\"https:\/\/sherwood.k12.or.us\/departments\/\"},{\"@type\":\"ListItem\",\"position\":3,\"name\":\"Teaching &amp; Learning\",\"item\":\"https:\/\/sherwood.k12.or.us\/departments\/teaching-and-learning\/\"},{\"@type\":\"ListItem\",\"position\":4,\"name\":\"Emerging Bilingual Students\"}]},{\"@type\":\"WebSite\",\"@id\":\"https:\/\/sherwood.k12.or.us\/#website\",\"url\":\"https:\/\/sherwood.k12.or.us\/\",\"name\":\"Sherwood School District\",\"description\":\"\",\"publisher\":{\"@id\":\"https:\/\/sherwood.k12.or.us\/#organization\"},\"potentialAction\":[{\"@type\":\"SearchAction\",\"target\":{\"@type\":\"EntryPoint\",\"urlTemplate\":\"https:\/\/sherwood.k12.or.us\/?s={search_term_string}\"},\"query-input\":\"required name=search_term_string\"}],\"inLanguage\":\"en-US\"},{\"@type\":\"Organization\",\"@id\":\"https:\/\/sherwood.k12.or.us\/#organization\",\"name\":\"Sherwood School District\",\"url\":\"https:\/\/sherwood.k12.or.us\/\",\"logo\":{\"@type\":\"ImageObject\",\"inLanguage\":\"en-US\",\"@id\":\"https:\/\/sherwood.k12.or.us\/#\/schema\/logo\/image\/\",\"url\":\"https:\/\/sherwood.k12.or.us\/app\/uploads\/2020\/05\/sherwood-district-full-logo.svg\",\"contentUrl\":\"https:\/\/sherwood.k12.or.us\/app\/uploads\/2020\/05\/sherwood-district-full-logo.svg\",\"width\":286,\"height\":69,\"caption\":\"Sherwood School District\"},\"image\":{\"@id\":\"https:\/\/sherwood.k12.or.us\/#\/schema\/logo\/image\/\"},\"sameAs\":[\"https:\/\/www.facebook.com\/sherwoodschooldistrict88J\/\",\"https:\/\/twitter.com\/sherwoodsd\"]}]}<\/script>\n<!-- \/ Yoast SEO plugin. -->","yoast_head_json":{"title":"Emerging Bilingual Students - Sherwood School District","robots":{"index":"index","follow":"follow","max-snippet":"max-snippet:-1","max-image-preview":"max-image-preview:large","max-video-preview":"max-video-preview:-1"},"canonical":"https:\/\/sherwood.k12.or.us\/departments\/teaching-and-learning\/emerging-bilingual-students\/","og_locale":"en_US","og_type":"article","og_title":"Emerging Bilingual Students - Sherwood School District","og_description":"The Sherwood School District is committed to providing equal educational opportunities to every student. The English Language Development (ELD) program is designed to accelerate English...","og_url":"https:\/\/sherwood.k12.or.us\/departments\/teaching-and-learning\/emerging-bilingual-students\/","og_site_name":"Sherwood School District","article_publisher":"https:\/\/www.facebook.com\/sherwoodschooldistrict88J\/","article_modified_time":"2022-11-18T17:52:42+00:00","og_image":[{"width":2560,"height":1707,"url":"https:\/\/sherwood.k12.or.us\/app\/uploads\/2020\/07\/SSD-SpecialPrograms-EmergingBilingualStudents-1.jpg","type":"image\/jpeg"}],"twitter_card":"summary_large_image","twitter_site":"@sherwoodsd","twitter_misc":{"Est. reading time":"4 minutes"},"schema":{"@context":"https:\/\/schema.org","@graph":[{"@type":"WebPage","@id":"https:\/\/sherwood.k12.or.us\/departments\/teaching-and-learning\/emerging-bilingual-students\/","url":"https:\/\/sherwood.k12.or.us\/departments\/teaching-and-learning\/emerging-bilingual-students\/","name":"Emerging Bilingual Students - Sherwood School District","isPartOf":{"@id":"https:\/\/sherwood.k12.or.us\/#website"},"datePublished":"2020-06-22T20:28:30+00:00","dateModified":"2022-11-18T17:52:42+00:00","breadcrumb":{"@id":"https:\/\/sherwood.k12.or.us\/departments\/teaching-and-learning\/emerging-bilingual-students\/#breadcrumb"},"inLanguage":"en-US","potentialAction":[{"@type":"ReadAction","target":["https:\/\/sherwood.k12.or.us\/departments\/teaching-and-learning\/emerging-bilingual-students\/"]}]},{"@type":"BreadcrumbList","@id":"https:\/\/sherwood.k12.or.us\/departments\/teaching-and-learning\/emerging-bilingual-students\/#breadcrumb","itemListElement":[{"@type":"ListItem","position":1,"name":"Home","item":"https:\/\/sherwood.k12.or.us\/"},{"@type":"ListItem","position":2,"name":"Departments","item":"https:\/\/sherwood.k12.or.us\/departments\/"},{"@type":"ListItem","position":3,"name":"Teaching &amp; Learning","item":"https:\/\/sherwood.k12.or.us\/departments\/teaching-and-learning\/"},{"@type":"ListItem","position":4,"name":"Emerging Bilingual Students"}]},{"@type":"WebSite","@id":"https:\/\/sherwood.k12.or.us\/#website","url":"https:\/\/sherwood.k12.or.us\/","name":"Sherwood School District","description":"","publisher":{"@id":"https:\/\/sherwood.k12.or.us\/#organization"},"potentialAction":[{"@type":"SearchAction","target":{"@type":"EntryPoint","urlTemplate":"https:\/\/sherwood.k12.or.us\/?s={search_term_string}"},"query-input":"required name=search_term_string"}],"inLanguage":"en-US"},{"@type":"Organization","@id":"https:\/\/sherwood.k12.or.us\/#organization","name":"Sherwood School District","url":"https:\/\/sherwood.k12.or.us\/","logo":{"@type":"ImageObject","inLanguage":"en-US","@id":"https:\/\/sherwood.k12.or.us\/#\/schema\/logo\/image\/","url":"https:\/\/sherwood.k12.or.us\/app\/uploads\/2020\/05\/sherwood-district-full-logo.svg","contentUrl":"https:\/\/sherwood.k12.or.us\/app\/uploads\/2020\/05\/sherwood-district-full-logo.svg","width":286,"height":69,"caption":"Sherwood School District"},"image":{"@id":"https:\/\/sherwood.k12.or.us\/#\/schema\/logo\/image\/"},"sameAs":["https:\/\/www.facebook.com\/sherwoodschooldistrict88J\/","https:\/\/twitter.com\/sherwoodsd"]}]}},"_links":{"self":[{"href":"https:\/\/sherwood.k12.or.us\/wp-json\/wp\/v2\/pages\/1002"}],"collection":[{"href":"https:\/\/sherwood.k12.or.us\/wp-json\/wp\/v2\/pages"}],"about":[{"href":"https:\/\/sherwood.k12.or.us\/wp-json\/wp\/v2\/types\/page"}],"author":[{"embeddable":true,"href":"https:\/\/sherwood.k12.or.us\/wp-json\/wp\/v2\/users\/24"}],"replies":[{"embeddable":true,"href":"https:\/\/sherwood.k12.or.us\/wp-json\/wp\/v2\/comments?post=1002"}],"version-history":[{"count":13,"href":"https:\/\/sherwood.k12.or.us\/wp-json\/wp\/v2\/pages\/1002\/revisions"}],"predecessor-version":[{"id":6722,"href":"https:\/\/sherwood.k12.or.us\/wp-json\/wp\/v2\/pages\/1002\/revisions\/6722"}],"up":[{"embeddable":true,"href":"https:\/\/sherwood.k12.or.us\/wp-json\/wp\/v2\/pages\/864"}],"wp:featuredmedia":[{"embeddable":true,"href":"https:\/\/sherwood.k12.or.us\/wp-json\/wp\/v2\/media\/2176"}],"wp:attachment":[{"href":"https:\/\/sherwood.k12.or.us\/wp-json\/wp\/v2\/media?parent=1002"}],"curies":[{"name":"wp","href":"https:\/\/api.w.org\/{rel}","templated":true}]}}